is the units digit of l?
0
Let o(z) = z**2 + 3*z + 6. Let s be (1/2)/((-2)/(-20)). What is the tens digit of o(s)?
4
Suppose -5*j = -4*j - 8. What is the units digit of j?
8
Let l = -98 - -153. What is the units digit of l?
5
Suppose -15 = -5*d - 0. What is the units digit of d + (-6)/3 - -6?
7
Let w be 9/4 - 2/8. Suppose -19 = -w*t + 7. What is the tens digit of t?
1
Suppose 2*n - 4*r = 40, -n + 5*r = 2*n - 58. What is the tens digit of n?
1
Suppose -y - 379 - 321 = -5*i, 0 = -5*y + 25. What is the units digit of i?
1
Let y(h) be the third derivative of -h**2 + 0*h + 0 - 7/6*h**3 + 1/60*h**5 - 1/8*h**4. What is the units digit of y(5)?
3
Suppose -1 = -4*v - 53. Let q = v - -52. What is the units digit of q?
9
Let c(v) = 4*v - 1. Let x be c(1). Let r be 13*(-1 + 6/x). Suppose m + y = r, 0*y = -2*m + 4*y + 14. What is the tens digit of m?
1
Suppose -7 = 5*s - 4*s. Let p(l) = -l**2 - 11*l - 1. Let u be p(s). Suppose a + 2*a - u = 0. What is the units digit of a?
9
Suppose -3*k + 2*k = 0. Suppose k = g - 5*g - 12. Let h = 7 - g. What is the units digit of h?
0
Let u(b) = -b**2 - 8*b - 8. Let x be u(-6). Suppose 0 = -5*h + 3*h + 2*w + 18, -3*h = x*w - 6. What is the units digit of h?
6
Let t(b) = b**2 + 3*b + 1. What is the tens digit of t(12)?
8
Let b be ((-4)/10)/(1/20). What is the units digit of (-36)/b*(-32)/(-6)?
4
Suppose -3*x + 21 = -4*x. Let q = x + 15. What is the units digit of -1 - 0 - 30/q?
4
Let i(d) = 3*d - 1. Let g be i(-1). What is the tens digit of 1/4 + (-63)/g?
1
Let y = 2 - -2. Suppose 0 = 4*u - 0*u - y. What is the tens digit of (-15)/(u + -4 - -2)?
1
Suppose 3*d - 26 - 22 = 0. What is the units digit of d?
6
Suppose 0 = -5*u - 32 + 312. Suppose 156 = -4*b - 2*o, -5*o + 7 - 55 = b. Let y = u + b. What is the units digit of y?
8
Let p(t) = t**2 - 2*t + 11. What is the units digit of p(0)?
1
What is the tens digit of 242*(4/(-18))/(8/(-18))?
2
Let d(p) be the first derivative of p**3/3 - 3*p**2/2 + 4. Let u be d(3). What is the units digit of 1 + 2/6*u?
1
Let s = -8 - -14. Let w(n) be the first derivative of n**4/4 - 2*n**3 + n**2 + n - 10. What is the tens digit of w(s)?
1
Let k(v) = -v**3 + 7*v**2 + v - 4. Let n be k(7). Let m = n + -1. What is the units digit of m?
2
Suppose -25 - 14 = 3*p. Let c = 24 + p. What is the units digit of c?
1
Let k(b) be the first derivative of b**4/12 - b**3 - 3*b**2/2 - 4. Let r(w) be the second derivative of k(w). What is the units digit of r(5)?
4
Let l = -49 - -65. What is the units digit of l?
6
Let a(q) be the first derivative of q**3/3 - 5*q**2/2 - 3*q - 1. Suppose -m + d = -0 - 3, 0 = 3*m + 3*d - 27. What is the units digit of a(m)?
3
Let x = 0 + 0. Suppose -3*c - 69 = -3*g - 0*g, 3*g - 4*c - 73 = x. Suppose -4*p + 5 = -g. What is the units digit of p?
6
What is the units digit of (32/6)/(3/45)?
0
Let j = 10 + 15. Suppose -z = -5*m - j, 2*m = -4*z - 0*m + 12. Let l(o) = o + 4. What is the units digit of l(z)?
9
What is the units digit of (-2247)/(-119) + 2/17?
9
What is the units digit of (-3 + 1)*956/(-8)?
9
Let r = -25 - -17. Let o(y) = -y**2 - 10*y - 2. What is the units digit of o(r)?
4
Let f(y) = -3*y + 15. What is the units digit of f(-7)?
6
Let h(b) = -b**3 - 3*b**2 + 2*b - 2. Let k be h(-3). Let m = k - -11. What is the units digit of m?
3
Suppose 30 = 2*o + 4*x, 69 = 4*o + 4*x + 25. Suppose -4*s = -0*s - 4. Let a = o - s. What is the units digit of a?
6
Let h = -32 - -82. Let n = -25 + h. Suppose 3 - n = -2*y. What is the units digit of y?
1
Suppose 42 - 159 = -3*o. Suppose -23 = i - 3*i - k, -4*i = -5*k - o. What is the tens digit of i?
1
Suppose 3*m + 77 = 3*b - b, -2*m + 10 = 0. What is the tens digit of b?
4
Suppose -883 + 115 = -4*s. What is the units digit of s?
2
Let w = 13 - 11. Suppose -w*s + 4 = -20. What is the units digit of s?
2
Suppose -s - 3 = -5. Let t(d) = 2*d**2 - 2*d - 1. Let l be t(s). Suppose -f - 4*o = f - 2, l*f + 3*o = 15. What is the units digit of f?
9
Let w(v) = v**2 - 6*v + 9. Let u be w(8). What is the tens digit of u*(3 + (-8)/4)?
2
Let q(h) = h**3 - 8*h**2 - 6*h - 3. What is the tens digit of q(9)?
2
Suppose -2*q = 3*q - 10. What is the units digit of q/9 + (-4508)/(-126)?
6
Let s(g) = g**2 - 5*g - 6. Let m be s(6). Suppose m = -2*t - t + 111. What is the tens digit of t?
3
Let z = 110 + -35. What is the units digit of z?
5
Suppose 0 = 11*s - 4*s - 413. What is the tens digit of s?
5
Suppose -3*j + 5 = -16. Suppose -j*q + 4*q = 0. Suppose -3*o + 44 = -p, -p - 2*p - 6 = q. What is the tens digit of o?
1
Let d = -321 - -458. What is the tens digit of d?
3
Let p = 3 + -1. Suppose s = -s. Suppose -5*o + 3*d + 41 = s, d + d + 18 = p*o. What is the units digit of o?
7
Let u be (2/4)/(1/2). Suppose -47 - u = -4*i. What is the tens digit of i?
1
Suppose -9 = -4*b + 3. Let o(a) be the second derivative of -a**4/12 + a**3/3 + 2*a**2 + 2*a. What is the units digit of o(b)?
1
Suppose 30 = -6*a + a. Let i = -4 - a. Suppose 2*r = 6 - i. What is the units digit of r?
2
Let f be -24*1/(6/4). Let u be ((-9)/6)/((-6)/f). Let n(j) = -j**2 - 6*j - 1. What is the units digit of n(u)?
7
Suppose 2*l - 85 = -23. What is the tens digit of l?
3
Let d(c) be the third derivative of c**4/24 + 2*c**3 - c**2. What is the units digit of d(-11)?
1
Let m = 10 + -4. Let a = 10 - m. Suppose -a + 1 = -y. What is the units digit of y?
3
Let h(m) = 72*m. Let q be h(1). Let a = -45 + q. What is the units digit of a?
7
Let s(m) be the third derivative of m**6/120 - m**5/30 + m**4/24 - m**3/3 + m**2. What is the units digit of s(3)?
0
Suppose 3*l = -3 + 9. Suppose -l*s = -7*u + 2*u - 65, -3*u = -4*s + 137. What is the units digit of s?
5
Let z(n) = n - 1. Let h(s) = s - 2. Let v(j) = -4*h(j) + 5*z(j). Let l be v(-3). Suppose 5*w - 2 - 8 = l. What is the units digit of w?
2
Let b = 2 + -4. What is the units digit of b/((-3)/((-21)/(-2)))?
7
Suppose -11 = -5*g - 1. Let l be (6/(-5))/(6/(-100)). Suppose -4*s - g*c = -26, 2*s + l = 6*s - 4*c. What is the units digit of s?
6
Let p = 3 - -15. What is the units digit of p?
8
Suppose 3*a = 3, 4*b - 484 - 184 = -4*a. What is the hundreds digit of b?
1
Suppose -2*l + 100 - 40 = 0. Suppose l = 2*h - 14. What is the tens digit of h?
2
Let w be (-4)/16*(-1 - 3). Let h = -10 - -9. What is the units digit of w + h - (-5 - 3)?
8
Let a(r) = 7*r**3 + 7*r**2 + 7*r - 1. Let l(c) = c**3. Let f(j) = -a(j) + 6*l(j). What is the units digit of f(-7)?
0
Let p be 3/(-6)*(-2 - -2). Suppose z - 3*z + 4 = p. Suppose -6 = -0*i - z*i. What is the units digit of i?
3
Let f(z) = z + 5. Let x be f(-5). Suppose 0 = -t - 4, -5*u + 3*t = -x*t - 22. Suppose -4*h + 4*c + 0*c = -20, 0 = -u*h - c + 4. What is the units digit of h?
3
Let s be 9/3 + -1 - 16. What is the units digit of (s - 1/1)*-1?
5
Let d = 42 + -9. Suppose 0 = -2*i + 5*i - d. What is the tens digit of i?
1
Let h(n) = n - 3. Let m be h(6). Let j = 5 + -1. Suppose -8 = -m*p + j. What is the units digit of p?
4
Suppose -24*v = -19*v - 705. What is the tens digit of v?
4
Suppose 7*f = 8*f - 6. Suppose f*j = 2*j + 84. What is the tens digit of j?
2
Suppose -3*w - 480 = -5*z, 0 = -4*z + 4*w + 586 - 202. What is the tens digit of z?
9
Suppose 0 = -y - 7 + 29. What is the units digit of y?
2
Let v = -353 - -517. What is the units digit of v?
4
Suppose 4*s = 2*s. Suppose s*k = k - 4. Suppose 4*y + 4*l = 28 + 4, 0 = -2*y - k*l + 8. What is the units digit of y?
2
Let i = -133 + 232. What is the units digit of i?
9
Suppose -3*n - 36 = -0*n. What is the units digit of n/(9/(-3)) - -2?
6
Let l be 4/(-6)*(-72)/16. Suppose 0 = z + 3*z - 3*s - 71, 5*s = l*z - 56. What is the units digit of z?
7
Let t(f) = -2*f + 51. Suppose -6*i + 11*i = 0. What is the units digit of t(i)?
1
Suppose -2*f - 202 = -7*f + 2*o, -2*f = 2*o - 78. Suppose 0*y + f = 5*y. Let m = y - 5. What is the units digit of m?
3
Suppose 2*w - 149 = 329. What is the units digit of w?
9
Let p(j) = -j**2 - 7*j - 6. What is the units digit of p(-3)?
6
What is the tens digit of 2/(-3 + 9)*297?
9
Suppose -2*u - 8 = -0*u. Let g = 7 + u. What is the units digit of g?
3
Suppose 3*y = -l + 2, 5*l + 5*y - 13 = 7. Suppose 5*x = 0, -4*j + 0*x = -l*x - 60. What is the units digit of j?
5
Suppose -3*g - 12 = 4*k + 2, 5*g = -3*k - 5. Suppose x = -g*x + 54. What is the units d